{"id":10,"date":"2021-09-22T19:47:20","date_gmt":"2021-09-22T17:47:20","guid":{"rendered":"http:\/\/laforetdemonsieurk.fr\/?page_id=10"},"modified":"2022-04-11T15:51:36","modified_gmt":"2022-04-11T13:51:36","slug":"remboursements_retours","status":"publish","type":"page","link":"https:\/\/laforetdemonsieurk.fr\/index.php\/remboursements_retours\/","title":{"rendered":"Politique en mati\u00e8re de remboursements et de retours"},"content":{"rendered":"\n<p>Politique De Remboursement :<\/p>\n\n\n\n<p>Garantie de remboursement de 30 jours et politique de remboursement Chez La For\u00eat De Monsieur K, nous voulons nous assurer que vous \u00eates satisfait \u00e0 100 % de votre achat. Si vous avez des questions techniques ou commerciales, n&rsquo;h\u00e9sitez pas \u00e0 nous contacter. Si apr\u00e8s avoir tent\u00e9 de r\u00e9soudre les probl\u00e8mes avec le personnel d&rsquo;assistance et que vous pensez que le ou les produits que vous avez achet\u00e9s ne correspondent pas le mieux \u00e0 vos besoins, nous voulons faire les choses correctement. Notre politique offre un remboursement complet dans les 30 jours suivant votre date d&rsquo;achat. Nous aimerions savoir ce qui n&rsquo;a pas fonctionn\u00e9 et comment nous pouvons nous am\u00e9liorer, alors veuillez inclure des d\u00e9tails sur la raison de votre demande de remboursement si vous nous contactez directement :<br><a href=\"mailto:laforetdemonsieurk@outlook.fr\" target=\"_blank\" rel=\"noreferrer noopener\">laforetdemonsieurk@outlook.fr<\/a><\/p>\n\n\n\n<p>La For\u00eat De Monsieur K  et notre processus de paiement soumettent le remboursement imm\u00e9diatement et s&rsquo;efforcent de traiter le remboursement le plus rapidement possible. Votre institution financi\u00e8re peut prendre jusqu&rsquo;\u00e0 20 jours pour que le remboursement soit refl\u00e9t\u00e9 sur votre compte\/carte bancaire. Plus de d\u00e9tails peuvent \u00eatre trouv\u00e9s via Stripe.com au moment du traitement du remboursement du client. Demander un remboursement Pour demander un remboursement\u00a0: Allez sur laforetdemonsieurk.fr > Compte > Commandes S\u00e9lectionnez le num\u00e9ro de commande du produit que vous souhaitez rembourser. S\u00e9lectionnez l&rsquo;ic\u00f4ne repr\u00e9sentant des points de suspension (trois\u00a0points) \u00e0 c\u00f4t\u00e9 de la colonne du total de la commande. Cela ouvre une invite pour demander un remboursement. Remarque\u00a0: Si vous ne voyez pas l&rsquo;ic\u00f4ne repr\u00e9sentant des points de suspension, cela signifie que la p\u00e9riode de 30\u00a0jours est \u00e9coul\u00e9e. Cliquez sur le lien pour demander un remboursement. Un formulaire de demande de remboursement s&rsquo;affiche. S\u00e9lectionnez un motif de remboursement dans le menu d\u00e9roulant et ajoutez des d\u00e9tails sur le motif de votre demande de remboursement. S\u00e9lectionnez Demander un remboursement. Une r\u00e9ponse automatique confirmant la r\u00e9ception est envoy\u00e9e \u00e0 l&rsquo;adresse e-mail associ\u00e9e \u00e0 votre compte. Une fois que nous aurons eu l&rsquo;occasion d&rsquo;examiner la demande, nous vous contacterons au sujet du processus de remboursement. <\/p>\n\n\n\n<p>Merci.<\/p>\n\n\n\n<p><\/p>\n\n\n\n<p><a href=\"https:\/\/translate.google.fr\/history\"><\/a><a href=\"https:\/\/translate.google.fr\/saved\"><\/a><a href=\"https:\/\/translate.google.fr\/contribute\"><\/a><\/p>\n","protected":false},"excerpt":{"rendered":"<p>Politique De Remboursement : Garantie de remboursement de 30 jours et politique de remboursement Chez La For\u00eat De Monsieur K, nous voulons nous assurer que vous \u00eates satisfait \u00e0 100 % de votre achat. Si vous avez des questions techniques ou commerciales, n&rsquo;h\u00e9sitez pas \u00e0 nous contacter. Si apr\u00e8s avoir tent\u00e9 de r\u00e9soudre les probl\u00e8mes [&hellip;]<\/p>\n","protected":false},"author":1,"featured_media":0,"parent":0,"menu_order":0,"comment_status":"closed","ping_status":"closed","template":"template-fullwidth.php","meta":{"jetpack_post_was_ever_published":false,"footnotes":""},"class_list":["post-10","page","type-page","status-publish","hentry"],"jetpack_sharing_enabled":true,"_links":{"self":[{"href":"https:\/\/laforetdemonsieurk.fr\/index.php\/wp-json\/wp\/v2\/pages\/10","targetHints":{"allow":["GET"]}}],"collection":[{"href":"https:\/\/laforetdemonsieurk.fr\/index.php\/wp-json\/wp\/v2\/pages"}],"about":[{"href":"https:\/\/laforetdemonsieurk.fr\/index.php\/wp-json\/wp\/v2\/types\/page"}],"author":[{"embeddable":true,"href":"https:\/\/laforetdemonsieurk.fr\/index.php\/wp-json\/wp\/v2\/users\/1"}],"replies":[{"embeddable":true,"href":"https:\/\/laforetdemonsieurk.fr\/index.php\/wp-json\/wp\/v2\/comments?post=10"}],"version-history":[{"count":4,"href":"https:\/\/laforetdemonsieurk.fr\/index.php\/wp-json\/wp\/v2\/pages\/10\/revisions"}],"predecessor-version":[{"id":367,"href":"https:\/\/laforetdemonsieurk.fr\/index.php\/wp-json\/wp\/v2\/pages\/10\/revisions\/367"}],"wp:attachment":[{"href":"https:\/\/laforetdemonsieurk.fr\/index.php\/wp-json\/wp\/v2\/media?parent=10"}],"curies":[{"name":"wp","href":"https:\/\/api.w.org\/{rel}","templated":true}]}}